 + d, 4*d = -4*c + l. Calculate the remainder when 23 is divided by c.
3
What is the remainder when 999 is divided by 7 - -16 - (15/3 + (-12)/6)?
19
Let h(m) = 9*m**3 - m**2 + 351*m - 1055. Calculate the remainder when h(3) is divided by 58.
0
Suppose 140*s - 139*s - 53 = -21. What is the remainder when 1022 is divided by s?
30
Let t = -1233 + 1406. What is the remainder when t is divided by 45?
38
Let b(m) = 4*m + 90. Let l be b(-13). Suppose 2*f - 66 = -5*n, -29*n = -f - 34*n + l. What is the remainder when 445 is divided by f?
25
Suppose -4*a = 4*r - 136, -5*r = -2*a + 51 - 4. Suppose -78*y + 83*y - 165 = -5*j, 4*j + 5*y = 136. Calculate the remainder when a is divided by j.
2
Suppose -2058*j = -2066*j + 4320. What is the remainder when j is divided by 23?
11
What is the remainder when (-2)/(-8) + (-8 - -5 - (-5034)/24) is divided by 88?
31
Let q(l) = 3*l**2 - 12. Let p be (3 - 0) + (8 - 9). Suppose -o = -6*j + p*j - 78, -5*o - 3*j = -367. Calculate the remainder when o is divided by q(-3).
14
Let p = 15533 - 15512. Let n = 18 - -18. What is the remainder when n is divided by p?
15
Let p(o) = 5*o - 24. Suppose 0 = -4*c - 16, -3*c + c = -5*s + 68. Let m be (-3)/(1/3 + (-10)/s). What is the remainder when p(m) is divided by 3?
0
Let r = 631 + -232. What is the remainder when r is divided by 10?
9
Let y(h) = 14*h**2 + 7*h - 16. Let m = 8 - 13. Calculate the remainder when y(m) is divided by 10.
9
Let x(r) = 2*r**2 + 103*r + 933. Let y(j) = j**3 + 9*j**2 - 13*j + 8. Calculate the remainder when y(-10) is divided by x(-40).
12
Suppose 0 = 4*t - 3*u - 157, 0 = -3*t + 4*t - 5*u - 52. Let j = -85 + 154. Let q = j - t. Calculate the remainder when q is divided by 18.
14
Suppose -10*t + 68 = 7*t. Suppose -2*z + 4*w = 3*w - 57, -t*z + 116 = -4*w. What is the remainder when 557 is divided by z?
25
Let p(k) = -k**3 + k**2 + k - 1. Let a(j) = -2*j**3 - 6*j**2 + 13*j - 24. Let o(f) = a(f) - p(f). What is the remainder when o(-9) is divided by 3?
1
Suppose 182*c - 232696 = 46*c. Calculate the remainder when c is divided by 3.
1
Let s be 34/17 - (-3)/((-3)/(-725)). Let q = -714 + s. What is the remainder when 271 is divided by q?
11
What is the remainder when 8/(-28) - 60255/(-21) is divided by 87?
85
Let v(g) = 9*g**3 - 70*g**2 + 23*g - 132. Calculate the remainder when 1617 is divided by v(8).
177
Let j(t) = t**2 - 16*t - 145. Let m(g) = 29*g**2 + 2*g - 2. Calculate the remainder when m(-2) is divided by j(-7).
14
Suppose 5*r - 5*b = 95, 96*r - 91*r + 4*b = 95. Calculate the remainder when 336 is divided by r.
13
Let t = -47757 - -47760. What is the remainder when (30/(-7))/((-1)/7) is divided by t?
0
Let s be 50 - -3 - (-1)/(1/3). Suppose 4*o = 68 - s. Suppose 0 = 2*a - 5*a + 2*h + 29, a - 2*h - 3 = 0. What is the remainder when a is divided by o?
1
Suppose 3*b + 13 - 58 = 0. What is the remainder when b is divided by 16/2 + 0/6*-1?
7
Let d(q) = q**3 + 24*q**2 + 3*q - 525. What is the remainder when d(-22) is divided by 14?
13
Suppose 0 = 4*n - d - 774, -9552*n + 9550*n = 3*d - 394. What is the remainder when 619 is divided by n?
37
Let p = 477 - 147. Suppose -3*y + 5*a - 282 = y, 5*a = -5*y - p. Let s = 89 + y. What is the remainder when 62 is divided by s?
20
Suppose 0 = 3*r, -y + 2*r + 0*r + 34 = 0. Suppose -24 + y = x. Calculate the remainder when 44 is divided by x.
4
Let f(g) = -40*g - 810. What is the remainder when f(-29) is divided by 12?
2
What is the remainder when (182310/(-24))/(-5)*4 is divided by 16?
13
Let x = -6 - -12. Let u = 3186 + -3172. Calculate the remainder when u is divided by x.
2
Let l = 100 + -70. Suppose 7*w = -v + 12*w - 4*w + 143, w = 5. What is the remainder when v is divided by l?
28
Let i = 12555 - 11501. What is the remainder when i is divided by 32?
30
Let b(a) = 11*a + 2. Let t be b(-3). Let h(s) = 7*s**2 + 368*s + 1094. Let n be h(-3). Let x = n + t. Calculate the remainder when 86 is divided by x.
20
Calculate the remainder when (-674)/8*(-1064)/95 - (-10)/25 is divided by 22.
20
Let q(l) = 43*l + 67. Let v(o) = -64*o - 102. Let d(h) = -7*q(h) - 5*v(h). What is the remainder when d(6) is divided by 27?
20
Let m = -448 - -759. Let y = 383 - m. Calculate the remainder when y is divided by 25.
22
Let n(a) = a - 3 + 2 + 0 - 3*a - a**2 - 50*a**3. Let j be n(-1). Let l = j + -14. Calculate the remainder when l is divided by 13.
10
Let i(b) = -4*b + 68. Let z = 125 - 115. Calculate the remainder when 137 is divided by i(z).
25
Suppose 27*y - 6*y - 847 = 1631. What is the remainder when 431 is divided by y?
77
Suppose -30*r = 26*r - 336. Suppose 0 = -v - 3*v + 456. Suppose r*d - 264 - v = 0. Calculate the remainder when d is divided by 17.
12
Suppose 4*d - 520 = -2*r, -2*d + 72 + 170 = 4*r. Calculate the remainder when d is divided by ((2 - 2) + 1)*5.
3
Suppose 5*i + 1184 = 2*v, -5*v - 18*i + 20*i + 2981 = 0. Let f = v + -588. Calculate the remainder when 30 is divided by f.
3
Let y(l) be the second derivative of l**4/12 + l**3/3 - 7*l**2/2 + 2*l. Suppose 4*c = 785 - 753, o = 3*c - 8. Calculate the remainder when y(5) is divided by o.
12
Suppose 109*h + 119*h = 3648. Let c = 210 - 86. What is the remainder when c is divided by h?
12
Let n = -15 - -17. Let j(t) = 95*t + 14 + 2*t**2 - 3*t**n - 202*t + 91*t. Calculate the remainder when 125 is divided by j(-16).
13
Suppose 2 = 2*p + 2*a - 38, -2*p + 64 = -2*a. Calculate the remainder when 327 is divided by p.
15
Let i(q) = 104*q + 2732. Suppose -4*m - 4*v + 303 + 65 = 0, -15 = 3*v. What is the remainder when m is divided by i(-26)?
13
Suppose -17*o + 2376 = -41*o. What is the remainder when 27 is divided by (-119)/(-11) + 1 + (-18)/o?
3
Let j = 39 + -35. Suppose -28 = j*l - t - 13, 0 = 4*t + 20. Calculate the remainder when 58 is divided by 6*((-140)/(-50) - (-4)/l).
10
Suppose 4*b = -20, -o + 38*b + 1012 = 33*b. Calculate the remainder when o is divided by 13.
12
Let s(z) = z + 53. Let r(u) = 2*u + 18. Let j be r(-19). Let a(k) = -4*k - 4. What is the remainder when s(j) is divided by a(-4)?
9
Let r(n) = 2*n**2 + 78*n + 543. What is the remainder when 62 is divided by r(-30)?
2
Calculate the remainder when 238 is divided by (-252)/(-21) + -5 + 223.
8
Let f = -10125 + 10308. Calculate the remainder when 911 is divided by f.
179
Calculate the remainder when 508 is divided by ((-6)/33 + 912/418)/(4/1006).
5
Suppose -5*d + 73 = 3*m, -194*d + 199*d = m - 31. What is the remainder when 2284 is divided by m?
22
What is the remainder when 665 is divided by (-8)/16*17*(-3 + (4 - 3))?
2
Let t(s) = -s**3 + 30*s**2 + 5*s + 35. Let i be t(28). What is the remainder when (i/(-14))/(9/(-24)) is divided by 37?
36
Suppose 0 = -5*m + 2*u + 557, 4*m + 5*u - 168 = 238. What is the remainder when 270 is divided by m?
52
Let b(w) = 18*w**2 - 4*w + 4. Let x be b(2). Suppose x*i = 65*i + 633. Let q = i - 103. Calculate the remainder when q is divided by 22.
20
Let r = 225 - 161. What is the remainder when r is divided by 16?
0
Let k(m) = m**2 + 3*m - 1. Let f be k(2). Suppose f = 3*g + l + 54, 4*g + 2*l = -58. Let p = g + 27. What is the remainder when 40 is divided by p?
7
Suppose 832 = 5*i - 288. Let u = i - 190. Calculate the remainder when 166 is divided by u.
30
Let s(o) = -2*o**3 - 2*o**2 + 2*o - 7. Let u be s(3). Let d = u + 90. Let r(y) = -y - 3. What is the remainder when d is divided by r(-7)?
1
Suppose -13*c = -5*k - 14*c - 2125, -4*k - 1681 = -3*c. Let w = k + 663. Calculate the remainder when w is divided by 22.
19
Let i(k) = k**2 - k. Let l be i(0). Let g = 1210 - 1207. Suppose 2*b - g*b + 20 = l. Calculate the remainder when 139 is divided by b.
19
Suppose -10*q = 2360 + 1080. Let y = -275 - q. Calculate the remainder when y is divided by 18.
15
Suppose -168*k = -115*k - 201832 - 625922. What is the remainder when k is divided by 41?
38
Let i(h) = h + 28. Let j be i(-25). Suppose 4*b - 94 = -2*r, -2*r = -j*b - 18 - 41. Calculate the remainder when 147 is divided by r.
36
Suppose 10*s = 4855 - 4655. Calculate the remainder when 97 is divided by s.
17
Suppose -4*u + 14 = 2*m, -m + 4 - 1 = 0. Suppose 0 = 4*q - 8, -2*n + q - 2 = u*q. Calculate the remainder when 37 is divided by -43*1/n + 4/(-8).
16
Let z = 30223 - 29978. What is the remainder when z is divided by 73?
26
Suppose 4*r 